 -37?
4730
In base 4, what is 0 + 133101?
133101
In base 4, what is -1020030001 + 3?
-1020023332
In base 11, what is 636 + 3a7?
a32
In base 2, what is 1000101111011001001 + 100?
1000101111011001101
In base 3, what is -202 + 1101002?
1100100
In base 14, what is -1da45 - -1?
-1da44
In base 2, what is 10 + -100011101110110100?
-100011101110110010
In base 8, what is -3372 + 10?
-3362
In base 14, what is -13d36 + 13?
-13d23
In base 15, what is -198b + 48?
-1943
In base 3, what is -11211000002 - 1?
-11211000010
In base 2, what is -111001011001001011010 + 11?
-111001011001001010111
In base 7, what is -11062 + -125?
-11220
In base 5, what is -1 + 120210321?
120210320
In base 3, what is -12 + 220102002?
220101220
In base 5, what is -11124 + 32004?
20330
In base 8, what is -75 + 341?
244
In base 15, what is -b45 + -18?
-b5d
In base 10, what is -91998 + -24?
-92022
In base 14, what is -14 + 10a8?
1094
In base 7, what is 436 - -2353?
3122
In base 7, what is 104 + 36330?
36434
In base 6, what is -33510 - -3?
-33503
In base 4, what is -1012 - 133022?
-200100
In base 2, what is -101110 + -10001100101?
-10010010011
In base 14, what is -3 - 18caa?
-18cad
In base 13, what is -22910 - -2?
-2290b
In base 3, what is -122 - 11120102?
-11121001
In base 14, what is -503a3 + -5?
-503a8
In base 10, what is -5 - -355243?
355238
In base 4, what is -21 + -2013110?
-2013131
In base 12, what is 49957 + 4?
4995b
In base 7, what is 6 - 61205?
-61166
In base 9, what is 17046 + 25?
17072
In base 11, what is 6698 - -12?
66aa
In base 3, what is 1011 - -21010221212?
21011000000
In base 7, what is 1 - -5021104?
5021105
In base 7, what is -2 + 13525?
13523
In base 8, what is 42152 - 24?
42126
In base 12, what is -30007 + 1?
-30006
In base 14, what is -23 - -5ccb?
5ca8
In base 2, what is 111100 - 10101?
100111
In base 13, what is -119c - -150?
-104c
In base 6, what is 134132 + 30?
134202
In base 2, what is -101 + 10001011001101?
10001011001000
In base 4, what is 2 - -123212232?
123212300
In base 11, what is -1392 - 63?
-1445
In base 7, what is 2 - 321032?
-321030
In base 13, what is -29c + 168?
-134
In base 2, what is 11110010110 - 1010?
11110001100
In base 2, what is 1110 + -11101101101100?
-11101101011110
In base 8, what is -3 + -61723?
-61726
In base 9, what is 2 + 738416?
738418
In base 15, what is -2 + 70290?
7028d
In base 4, what is -31 + 11031130?
11031033
In base 13, what is -1616 + -15?
-162b
In base 9, what is -20 + 3554?
3534
In base 13, what is 3 + 73a32?
73a35
In base 12, what is 1 + -10745?
-10744
In base 12, what is -2125 - 1a?
-2143
In base 15, what is -1 - -9bb54?
9bb53
In base 2, what is 11111011101100 - 1010?
11111011100010
In base 13, what is 5 + 3c637?
3c63c
In base 13, what is -1 + 10bb6?
10bb5
In base 13, what is 296 + 14b?
414
In base 4, what is 1130 + -10132?
-3002
In base 12, what is 111a - 2a9?
a31
In base 7, what is -5 - 201043?
-201051
In base 5, what is -334011040 - -3?
-334011032
In base 9, what is 3006 - 0?
3006
In base 13, what is 410 - 19?
3c4
In base 14, what is -5 - 222a7?
-222ac
In base 11, what is 1418a7 - -2?
1418a9
In base 4, what is 102210311 + 2?
102210313
In base 6, what is -20214 - 2244?
-22502
In base 3, what is 1010 - -1210100?
1211110
In base 8, what is 2 + 162144?
162146
In base 6, what is 21234515 - -1?
21234520
In base 8, what is -506310 + 2?
-506306
In base 9, what is 186 - -638?
835
In base 5, what is 3031024 - -3?
3031032
In base 14, what is -c + 4ad?
4a1
In base 12, what is 2608 - -3?
260b
In base 11, what is 10 + 2a016?
2a026
In base 3, what is 1111101122 - 102?
1111101020
In base 16, what is 0 + -15a9?
-15a9
In base 4, what is -22 + 123032?
123010
In base 9, what is -8 - -145?
136
In base 4, what is -2023110 + 0?
-2023110
In base 3, what is 1201222010101 + 10?
1201222010111
In base 16, what is -24 + -216?
-23a
In base 6, what is -4453254 - -54?
-4453200
In base 11, what is -1 - 10343?
-10344
In base 13, what is 1 - 241565?
-241564
In base 16, what is 4 - -30ec?
30f0
In base 15, what is -3 + -1cb9?
-1cbc
In base 14, what is -4 - -2672?
266c
In base 15, what is -21 + -3348?
-3369
In base 5, what is -2 - -12434340?
12434333
In base 15, what is 15 + 20601?
20616
In base 4, what is 11 + -2323202131?
-2323202120
In base 5, what is -3 + 23302214?
23302211
In base 6, what is 1235 + -15?
1220
In base 11, what is 19 - -1419?
1437
In base 13, what is 20 - -bb49?
bb69
In base 3, what is -10 - -12001021002?
12001020222
In base 16, what is 0 + -1dd?
-1dd
In base 2, what is 1 - 10111110100000?
-10111110011111
In base 11, what is -57 - 411?
-468
In base 6, what is 42 + -1004?
-522
In base 13, what is 78 - -7951?
79c9
In base 10, what is 12 - 35886?
-35874
In base 10, what is -19648 - -1?
-19647
In base 6, what is -232 - 5520?
-10152
In base 4, what is -3310313 - -12?
-3310301
In base 16, what is 4129bb + -1?
4129ba
In base 4, what is 22211 + 32330?
121201
In base 13, what is 3cb - 296?
135
In base 12, what is 54a1 + -14?
5489
In base 16, what is 1bcf63 - 5?
1bcf5e
In base 12, what is 3 + -4520?
-4519
In base 6, what is 1 - -13503?
13504
In base 4, what is 1022033 - -202?
1022301
In base 4, what is 0 - 11212123?
-11212123
In base 11, what is 1 - -4648?
4649
In base 9, what is -4 - -18500?
18485
In base 6, what is 2 + -1103551?
-1103545
In base 8, what is 2312 + 30?
2342
In base 5, what is -4 - -431000?
430441
In base 15, what is -650 + 34d?
-302
In base 4, what is -10010 + -2032?
-12102
In base 7, what is -32054403 - 1?
-32054404
In base 3, what is 12122012120 + -220?
12122011200
In base 7, what is -1033141 - 22?
-1033163
In base 11, what is 851 + 715?
1466
In base 8, what is 171754 + 15?
171771
In base 2, what is 11011010100010100 - 11001?
11011010011111011
In base 13, what is 12c478 - -2?
12c47a
In base 16, what is 838 + aac?
12e4
In base 2, what is -10 - -101000100000100001?
101000100000011111
In base 3, what is 2100 + 110211200?
110221000
In base 6, what is 103413 - 20?
103353
In base 8, what is -540 - -501?
-37
In base 15, what is -3b500 - 9?
-3b509
In base 8, what is 5300 - 203?
5075
In base 9, what is -5 - 38327?
-38333
In base 7, what is 111 - -4041?
4152
In base 11, what is 273 + 1641?
1904
In base 16, what is 3 - -2fd6?
2fd9
In base 7, what is -140364 - 4?
-140401
In base 16, what is -4df + 3b?
-4a4
In base 7, what is -213 + -10?
-223
In base 14, what is -7aa2 - 3?
-7aa5
In base 9, what is 2032 - -26?
2058
In base 8, what is 261 + -1746?
-1465
In base 10, what is -24 + -762?
-786
In base 2, what is -11100000 - 1100?
-11101100
In base 3, what is -12 - -10101202021?
10101202002
In base 14, what is 45 + 3b?
82
In base 14, what is 8c8b + -4?
8c87
In base 14, what is 22 + -1083?
-1061
In base 10, what is 33 + 105831?
105864
In base 14, what is -2 + -1b30?
-1b32
In base 6, what is 252 + -1323?
-1031
In base 16, what is 189dd0 - 0?
189dd0
In base 10, what is 1826 + 649?
2475
In base 5, what is 104324 - 244?
104030
In base 2, what is 10001110111011001100 - 11?
10001110111011001001
In base 3, what is 2 + 1100121120?
1100121122
In base 3, what is 200002 - -221011?
1121020
In base 6, what is -300113 + -20?
-300133
In base 2, what is -1001 + 1011010101101110?
1011010101100101
In base 14, what is 3 + 243861?
243864
In base 3, what is 1020021 + 10200122?
11220220
In base 9, what is -6 + 4101?
4084
In base 11, what is -4 - -60674?
60670
In base 5, what is 333412 + -100?
333312
In base 11, what is 308 - -5?
312
In base 7, what is 403352 - -3?
403355
In base 6, what is 140501 - 5?
140452
In base 12, what is -10 - 2226b?
-2227b
In base 4, what is -1 - -10321031?
10321030
In base 16, what is 48d + -13?
47a
In base 10, what is 3 - -12809?
12812
In base 8, what is -322 + -620?
-1142
In base 10, what is -22028 - 386?
-22414
In base 4, what is -2002 + -30120?
-32122
In base 8, what is 50274 + 5?
50301
In base 6, what is 203221 - 30?
203151
In base 4, what is -10 + 20233023?
20233013
In base 14, what is -20a + 50c?
302
In base 4, what is 2 - -133132?
133200
In base 5, what is -4 - 2401?
-2410
In base 9, what is -321 - -16715?
16384
In base 13, what is 4 + 993b8?
993bc
In base 15, what is -4 - 1c3d5?
-1c3d9
In base 9, what is 33276 - 5?
33271
In base 4, what is 2202 - -22023?
30231
In base 12, what is -65 - -14?
-51
In base 2, what is -101 - -110010100010